{"id":3324,"date":"2019-01-28T09:44:59","date_gmt":"2019-01-28T09:44:59","guid":{"rendered":"https:\/\/foreroagro.com\/tienda\/?page_id=3324"},"modified":"2019-01-28T11:25:34","modified_gmt":"2019-01-28T11:25:34","slug":"aviso-legal","status":"publish","type":"page","link":"https:\/\/foreroagro.com\/tienda\/aviso-legal\/","title":{"rendered":"Aviso Legal"},"content":{"rendered":"\n<h4><strong>CONDICIONES GENERALES DE ACCESO Y USO\nDEL SITIO WEB<\/strong><\/h4>\n\n\n\n<p>El presente aviso legal establece las condiciones de uso del sitio web \u201c<strong><a href=\"http:\/\/www.foreroagro.com\">www.foreroagro.com<\/a><\/strong>\u201d que la sociedad <strong>Foreroagro, S.L..<\/strong> (en adelante <strong>foreroagro.com<\/strong>) provista con <strong>CIF B06673685<\/strong> y con domicilio social en <strong>C\/ Men\u00e9ndez Pidal N\u00ba 3<\/strong>, <strong>06170<\/strong>, <strong>La Albuera (Badajoz)<\/strong><strong> <\/strong>e inscrita en el\nRegistro Mercantil de Badajoz, Tomo&nbsp; 606,\n&nbsp;Folio 46, Secci\u00f3n,&nbsp; Inscripci\u00f3n 1\u00aa, Hoja BA26229 &nbsp;pone a disposici\u00f3n de los usuarios de\nInternet.<\/p>\n\n\n\n<h4><strong>\u00c1mbito y aplicaci\u00f3n<\/strong><\/h4>\n\n\n\n<p><strong><a href=\"https:\/\/mejormueble.com\">www.foreroagro.com<\/a> <\/strong>es un sitio web de comercializaci\u00f3n  de productos agr\u00edcolas y accesorios para la agricultura, propios y productos propiedad de terceros colaboradores.<br> <br><strong>Foreroagro.com<\/strong>, act\u00faa como intermediario en la venta de productos de terceros colaboradores, en nombre y por cuenta propia. Por lo anterior el contrato que se genera una vez se ha realizado la compra del producto &nbsp;se realiza \u00fanicamente entre <strong>foreroagro.com<\/strong> y el comprador, asumiendo &nbsp;la &nbsp;responsabilidad relacionada con el mismo.<br> <br><strong>Foreroagro.com<\/strong>, en su calidad de vendedor &nbsp;ser\u00e1 responsable y tendr\u00e1 la responsabilidad y\/o reclamaci\u00f3n directa, de la prestaci\u00f3n o suministro defectuoso o no conforme de los productos contratados, debiendo dirigirse directamente a <strong>foreroagro.com<\/strong> para realizar la reclamaci\u00f3n que considere oportuna.<br> <br>El \u00c1mbito de aplicaci\u00f3n de este sitio Web, es el Territorio Espa\u00f1ol, que comprende la Pen\u00ednsula Ib\u00e9rica, Canarias y Baleares.<br><\/p>\n\n\n\n<h4> <strong>Aceptaci\u00f3n<\/strong><\/h4>\n\n\n\n<p>El acceso al sitio web \u201c<strong>foreroagro.com<\/strong>\u201d le atribuye la condici\u00f3n de usuario e implica la aceptaci\u00f3n plena y sin reservas por parte del usuario, de todas y cada una de las condiciones incluidas en este aviso legal.<\/p>\n\n\n\n<p>El contenido del presente aviso legal puede sufrir modificaciones, por lo que su aceptaci\u00f3n por parte del usuario, ser\u00e1 respecto de la versi\u00f3n del aviso legal publicado por <strong>foreroagro.com<\/strong> en el momento en el que el usuario acceda al sitio web.<br> <br>La utilizaci\u00f3n de ciertos servicios y\/o productos ofrecidos a trav\u00e9s del sitio web \u201c<strong>foreroagro.com<\/strong>\u201d puede encontrarse sometida a condiciones particulares que, seg\u00fan los casos, sustituyan, completen y\/o modifican el presente aviso legal. El acceso a dichos servicios y\/ o productos implicar\u00e1 la aceptaci\u00f3n de las condiciones particulares establecidas para los mismos. En consecuencia, el usuario deber\u00e1 leer atentamente las condiciones particulares de servicio cada vez que acceda al mismo.<br> <br> El acceso al sitio web \u201c<strong>foreroagro.com<\/strong>\u201d se encuentra igualmente sometido a todos los avisos, condiciones de venta, condiciones de uso e instrucciones, puestos en conocimiento del usuario por <strong>foreroagro.com<\/strong> que sustituyan, completen y\/o modifiquen el presente aviso legal.<br><\/p>\n\n\n\n<h4><strong>Condiciones de uso<\/strong><\/h4>\n\n\n\n<p>El usuario se compromete a hacer uso de las utilidades y\/o servicios ofrecidos por\u00a0 sitio web \u201c<strong>www. foreroagro.com<\/strong>\u201d de conformidad con la ley, este aviso legal, condiciones de venta, las condiciones particulares publicadas para ciertos servicios y\/o productos y dem\u00e1s avisos e instrucciones puestos en su conocimiento, as\u00ed como con la moral y las buenas costumbres generalmente aceptadas y el orden p\u00fablico.<br> <br>Todas las marcas, nombres comerciales o signos distintivos de cualquier clase que aparecen en el sitio web e identifiquen a <strong>foreroagro.com<\/strong>, son propiedad de <strong>Foreroagro, S.L<\/strong>. Asimismo, los derechos de explotaci\u00f3n de propiedad intelectual sobre los contenidos del sitio web corresponden a <strong>Foreroagro, S.L. <\/strong>\u00a0tal y como consta en el \u201ccopyright\u201d, por lo que no podr\u00e1n ser utilizados por el usuario m\u00e1s all\u00e1 de lo que sea imprescindible para el acceso a las utilidades y servicios suministrados a trav\u00e9s del sitio web, salvo autorizaci\u00f3n expresa de <strong>Foreroagro, S.L<\/strong><br> <br>Asimismo el sitio Web podr\u00e1 contener marcas, nombres comerciales o signos distintivos propiedad de proveedores de contenido o de terceros colaboradores.\u00a0<br> <br> El usuario se compromete a no reproducir, copiar, distribuir, realizar actos de comunicaci\u00f3n p\u00fablica, transformar o modificar los contenidos del sitio web, incluidos marcas, nombres comerciales o signos distintivos, a menos que cuente con la autorizaci\u00f3n del titular de los derechos, ni a suprimir manipular o de cualquier forma alterar el \u201ccopyright\u201d y dem\u00e1s datos identificativos de la reserva de derechos.<br> <br> El usuario debe abstenerse de obtener o intentar obtener los contenidos empleando para ello mecanismos distintos de los que, en su caso, se hayan puesto a su disposici\u00f3n o, en general, de los que se empleen habitualmente en Internet siempre que, estos \u00faltimos, no entra\u00f1en un riesgo de da\u00f1o o inutilizaci\u00f3n del sitio web y \/o sus contenidos.<br> <br> Para acceder a la informaci\u00f3n contenida en el sitio web y hacer uso de los de los servicios ofrecidos, los menores de edad deben obtener previamente permiso de sus padres, tutores o representantes legales.<br> <br> La responsabilidad en la determinaci\u00f3n de los contenidos y servicios a los que acceden los menores de edad corresponde a las personas a cuyo cargo se encuentran. Como a trav\u00e9s de Internet es posible acceder a contenidos que pueden ser inapropiados para menores, se informa a los usuarios de la existencia de programas inform\u00e1ticos que permiten limitar o controlar los contenidos a los que pueden acceder los menores.<\/p>\n\n\n\n<h4><strong>Utilizaci\u00f3n de Cookies<\/strong><\/h4>\n\n\n\n<p> <strong>Foreroagro.com<\/strong> le informa de que durante la navegaci\u00f3n se utilizan \u201ccookies\u201d, que son peque\u00f1os ficheros de datos que se generan en el ordenador del usuario y que permiten al sistema recordar las caracter\u00edsticas o preferencias de navegaci\u00f3n del mismo. Estas \u201ccookies\u201d se asocian \u00fanicamente con el navegador de un ordenador determinado (un usuario an\u00f3nimo) sin proporcionar ning\u00fan dato personal. En ning\u00fan caso pueden leer informaciones almacenadas en el ordenador, sirviendo exclusivamente para fines internos, como la personalizaci\u00f3n de la navegaci\u00f3n y la generaci\u00f3n de estad\u00edsticas de acceso a este sitio web que nos permitan mejorar los servicios ofrecidos en el mismo. El usuario tiene la posibilidad de configurar su navegador para ser avisado en pantalla de la recepci\u00f3n de cookies y decidir sobre su aceptaci\u00f3n e impedir la instalaci\u00f3n de cookies en su disco duro, en su caso. Por favor, consulte las instrucciones y manuales de su navegador para ampliar esta informaci\u00f3n.<\/p>\n\n\n\n<h4> <strong>Exclusi\u00f3n de responsabilidad y l\u00edmite de garant\u00edas<\/strong><\/h4>\n\n\n\n<p><strong>Foreroagro.com<\/strong> excluye, con toda la extensi\u00f3n permitida por el ordenamiento jur\u00eddico, cualquier responsabilidad por da\u00f1os y perjuicios producidos o que puedan producirse en el futuro, por defectos t\u00e9cnicos, cualquiera que sea su naturaleza, que se deriven del uso de la informaci\u00f3n y de las materias contenidas en la web. Los enlaces e hipertexto que, en su caso, posibiliten el acceso a trav\u00e9s del sitio web a prestaciones y servicios ofrecidos por terceros, no pertenecen ni se encuentran bajo el control de <strong>Foreroagro.com<\/strong>, por lo que no se hace responsable ni de la informaci\u00f3n contenida en los mismos ni de cualesquiera efectos que pudieran derivarse de dicha informaci\u00f3n.<br> <br><strong>Foreroagro.com<\/strong> no se hace responsable del incumplimiento de cualquier norma aplicable en que pueda incurrir el usuario en su acceso al sitio web y\/o utilizaci\u00f3n de las informaciones contenidas en la misma. Tampoco se hace responsable del uso ileg\u00edtimo que terceras personas puedan hacer de los nombres de marca, nombres de producto, marcas comerciales registradas o que, no siendo propiedad de <strong>foreroagro.com<\/strong>, aparezcan en el sitio web.<br> <br><strong>Foreroagro.com<\/strong> no garantiza la continuidad del funcionamiento y la disponibilidad del sitio web, no obstante lo cual, y en la medida de lo posible, advertir\u00e1 de las interrupciones que conozca con car\u00e1cter previo a que concurran.<br> <br> <strong>Foreroagro.com<\/strong> no controla ni garantiza la ausencia de virus ni de otro elemento en los servicios prestados por terceros a los que el usuario acceda a trav\u00e9s del sitio web, que puedan producir fallos, o alteraciones en su software o hardware, documentos y ficheros almacenados en su sistema inform\u00e1tico.<br><\/p>\n\n\n\n<h4><strong>Protecci\u00f3n de datos de car\u00e1cter personal<\/strong> <\/h4>\n\n\n\n<p>Para acceder a alguno\nde los servicios ofrecidos a trav\u00e9s del sitio web, el usuario deber\u00e1\nproporcionar previamente algunos datos de car\u00e1cter personal. <strong>foreroagro.com<\/strong> tratar\u00e1 estos datos conforme a las\ncondiciones publicadas en su Pol\u00edtica de Privacidad y con sujeci\u00f3n a lo\nestablecido en las condiciones particulares del correspondiente servicio.<\/p>\n\n\n\n<p>Los titulares de los\ndatos podr\u00e1n ejercitar los derechos de acceso, rectificaci\u00f3n, cancelaci\u00f3n y\noposici\u00f3n y cualquiera otros derechos reconocidos por la normativa de\nProtecci\u00f3n de Datos de Car\u00e1cter Personal.<\/p>\n\n\n\n<h4> <strong>Legislaci\u00f3n y jurisdicci\u00f3n<br><\/strong><\/h4>\n\n\n\n<p>La legislaci\u00f3n\naplicable al contenido del sitio web, ser\u00e1 la espa\u00f1ola y la jurisdicci\u00f3n, los\nJuzgados y Tribunales competentes en Espa\u00f1a.<\/p>\n","protected":false},"excerpt":{"rendered":"<p>CONDICIONES GENERALES DE ACCESO Y USO DEL SITIO WEB El presente aviso legal establece las condiciones de uso del sitio web \u201cwww.foreroagro.com\u201d que la sociedad Foreroagro, S.L.. (en adelante foreroagro.com) provista con CIF B06673685 y con domicilio social en C\/ Men\u00e9ndez Pidal N\u00ba 3, 06170, La Albuera (Badajoz) e inscrita en el Registro Mercantil de [&hellip;]<\/p>\n","protected":false},"author":4,"featured_media":0,"parent":0,"menu_order":0,"comment_status":"closed","ping_status":"closed","template":"","meta":[],"yoast_head":"<!-- This site is optimized with the Yoast SEO plugin v17.5 - https:\/\/yoast.com\/wordpress\/plugins\/seo\/ -->\n<title>Aviso Legal - Foreroagro<\/title>\n<meta name=\"robots\" content=\"index, follow, max-snippet:-1, max-image-preview:large, max-video-preview:-1\" \/>\n<link rel=\"canonical\" href=\"https:\/\/foreroagro.com\/tienda\/aviso-legal\/\" \/>\n<meta property=\"og:locale\" content=\"es_ES\" \/>\n<meta property=\"og:type\" content=\"article\" \/>\n<meta property=\"og:title\" content=\"Aviso Legal - Foreroagro\" \/>\n<meta property=\"og:description\" content=\"CONDICIONES GENERALES DE ACCESO Y USO DEL SITIO WEB El presente aviso legal establece las condiciones de uso del sitio web \u201cwww.foreroagro.com\u201d que la sociedad Foreroagro, S.L.. (en adelante foreroagro.com) provista con CIF B06673685 y con domicilio social en C\/ Men\u00e9ndez Pidal N\u00ba 3, 06170, La Albuera (Badajoz) e inscrita en el Registro Mercantil de [&hellip;]\" \/>\n<meta property=\"og:url\" content=\"https:\/\/foreroagro.com\/tienda\/aviso-legal\/\" \/>\n<meta property=\"og:site_name\" content=\"Foreroagro\" \/>\n<meta property=\"article:modified_time\" content=\"2019-01-28T11:25:34+00:00\" \/>\n<meta name=\"twitter:card\" content=\"summary_large_image\" \/>\n<meta name=\"twitter:label1\" content=\"Tiempo de lectura\" \/>\n\t<meta name=\"twitter:data1\" content=\"7 minutos\" \/>\n<script type=\"application\/ld+json\" class=\"yoast-schema-graph\">{\"@context\":\"https:\/\/schema.org\",\"@graph\":[{\"@type\":\"Organization\",\"@id\":\"https:\/\/foreroagro.com\/tienda\/#organization\",\"name\":\"Foreroagro S.L.\",\"url\":\"https:\/\/foreroagro.com\/tienda\/\",\"sameAs\":[],\"logo\":{\"@type\":\"ImageObject\",\"@id\":\"https:\/\/foreroagro.com\/tienda\/#logo\",\"inLanguage\":\"es\",\"url\":\"https:\/\/foreroagro.com\/tienda\/wp-content\/uploads\/2018\/05\/Logo-foreroagro-e1527273021153.png\",\"contentUrl\":\"https:\/\/foreroagro.com\/tienda\/wp-content\/uploads\/2018\/05\/Logo-foreroagro-e1527273021153.png\",\"width\":80,\"height\":80,\"caption\":\"Foreroagro S.L.\"},\"image\":{\"@id\":\"https:\/\/foreroagro.com\/tienda\/#logo\"}},{\"@type\":\"WebSite\",\"@id\":\"https:\/\/foreroagro.com\/tienda\/#website\",\"url\":\"https:\/\/foreroagro.com\/tienda\/\",\"name\":\"Foreroagro\",\"description\":\"Soluciones agr\\u00edcolas online\",\"publisher\":{\"@id\":\"https:\/\/foreroagro.com\/tienda\/#organization\"},\"potentialAction\":[{\"@type\":\"SearchAction\",\"target\":{\"@type\":\"EntryPoint\",\"urlTemplate\":\"https:\/\/foreroagro.com\/tienda\/?s={search_term_string}\"},\"query-input\":\"required name=search_term_string\"}],\"inLanguage\":\"es\"},{\"@type\":\"WebPage\",\"@id\":\"https:\/\/foreroagro.com\/tienda\/aviso-legal\/#webpage\",\"url\":\"https:\/\/foreroagro.com\/tienda\/aviso-legal\/\",\"name\":\"Aviso Legal - Foreroagro\",\"isPartOf\":{\"@id\":\"https:\/\/foreroagro.com\/tienda\/#website\"},\"datePublished\":\"2019-01-28T09:44:59+00:00\",\"dateModified\":\"2019-01-28T11:25:34+00:00\",\"breadcrumb\":{\"@id\":\"https:\/\/foreroagro.com\/tienda\/aviso-legal\/#breadcrumb\"},\"inLanguage\":\"es\",\"potentialAction\":[{\"@type\":\"ReadAction\",\"target\":[\"https:\/\/foreroagro.com\/tienda\/aviso-legal\/\"]}]},{\"@type\":\"BreadcrumbList\",\"@id\":\"https:\/\/foreroagro.com\/tienda\/aviso-legal\/#breadcrumb\",\"itemListElement\":[{\"@type\":\"ListItem\",\"position\":1,\"name\":\"Portada\",\"item\":\"https:\/\/foreroagro.com\/tienda\/\"},{\"@type\":\"ListItem\",\"position\":2,\"name\":\"Aviso Legal\"}]}]}<\/script>\n<!-- \/ Yoast SEO plugin. -->","yoast_head_json":{"title":"Aviso Legal - Foreroagro","robots":{"index":"index","follow":"follow","max-snippet":"max-snippet:-1","max-image-preview":"max-image-preview:large","max-video-preview":"max-video-preview:-1"},"canonical":"https:\/\/foreroagro.com\/tienda\/aviso-legal\/","og_locale":"es_ES","og_type":"article","og_title":"Aviso Legal - Foreroagro","og_description":"CONDICIONES GENERALES DE ACCESO Y USO DEL SITIO WEB El presente aviso legal establece las condiciones de uso del sitio web \u201cwww.foreroagro.com\u201d que la sociedad Foreroagro, S.L.. (en adelante foreroagro.com) provista con CIF B06673685 y con domicilio social en C\/ Men\u00e9ndez Pidal N\u00ba 3, 06170, La Albuera (Badajoz) e inscrita en el Registro Mercantil de [&hellip;]","og_url":"https:\/\/foreroagro.com\/tienda\/aviso-legal\/","og_site_name":"Foreroagro","article_modified_time":"2019-01-28T11:25:34+00:00","twitter_card":"summary_large_image","twitter_misc":{"Tiempo de lectura":"7 minutos"},"schema":{"@context":"https:\/\/schema.org","@graph":[{"@type":"Organization","@id":"https:\/\/foreroagro.com\/tienda\/#organization","name":"Foreroagro S.L.","url":"https:\/\/foreroagro.com\/tienda\/","sameAs":[],"logo":{"@type":"ImageObject","@id":"https:\/\/foreroagro.com\/tienda\/#logo","inLanguage":"es","url":"https:\/\/foreroagro.com\/tienda\/wp-content\/uploads\/2018\/05\/Logo-foreroagro-e1527273021153.png","contentUrl":"https:\/\/foreroagro.com\/tienda\/wp-content\/uploads\/2018\/05\/Logo-foreroagro-e1527273021153.png","width":80,"height":80,"caption":"Foreroagro S.L."},"image":{"@id":"https:\/\/foreroagro.com\/tienda\/#logo"}},{"@type":"WebSite","@id":"https:\/\/foreroagro.com\/tienda\/#website","url":"https:\/\/foreroagro.com\/tienda\/","name":"Foreroagro","description":"Soluciones agr\u00edcolas online","publisher":{"@id":"https:\/\/foreroagro.com\/tienda\/#organization"},"potentialAction":[{"@type":"SearchAction","target":{"@type":"EntryPoint","urlTemplate":"https:\/\/foreroagro.com\/tienda\/?s={search_term_string}"},"query-input":"required name=search_term_string"}],"inLanguage":"es"},{"@type":"WebPage","@id":"https:\/\/foreroagro.com\/tienda\/aviso-legal\/#webpage","url":"https:\/\/foreroagro.com\/tienda\/aviso-legal\/","name":"Aviso Legal - Foreroagro","isPartOf":{"@id":"https:\/\/foreroagro.com\/tienda\/#website"},"datePublished":"2019-01-28T09:44:59+00:00","dateModified":"2019-01-28T11:25:34+00:00","breadcrumb":{"@id":"https:\/\/foreroagro.com\/tienda\/aviso-legal\/#breadcrumb"},"inLanguage":"es","potentialAction":[{"@type":"ReadAction","target":["https:\/\/foreroagro.com\/tienda\/aviso-legal\/"]}]},{"@type":"BreadcrumbList","@id":"https:\/\/foreroagro.com\/tienda\/aviso-legal\/#breadcrumb","itemListElement":[{"@type":"ListItem","position":1,"name":"Portada","item":"https:\/\/foreroagro.com\/tienda\/"},{"@type":"ListItem","position":2,"name":"Aviso Legal"}]}]}},"_links":{"self":[{"href":"https:\/\/foreroagro.com\/tienda\/wp-json\/wp\/v2\/pages\/3324"}],"collection":[{"href":"https:\/\/foreroagro.com\/tienda\/wp-json\/wp\/v2\/pages"}],"about":[{"href":"https:\/\/foreroagro.com\/tienda\/wp-json\/wp\/v2\/types\/page"}],"author":[{"embeddable":true,"href":"https:\/\/foreroagro.com\/tienda\/wp-json\/wp\/v2\/users\/4"}],"replies":[{"embeddable":true,"href":"https:\/\/foreroagro.com\/tienda\/wp-json\/wp\/v2\/comments?post=3324"}],"version-history":[{"count":0,"href":"https:\/\/foreroagro.com\/tienda\/wp-json\/wp\/v2\/pages\/3324\/revisions"}],"wp:attachment":[{"href":"https:\/\/foreroagro.com\/tienda\/wp-json\/wp\/v2\/media?parent=3324"}],"curies":[{"name":"wp","href":"https:\/\/api.w.org\/{rel}","templated":true}]}}