{"id":4872,"date":"2019-02-26T18:46:14","date_gmt":"2019-02-26T18:46:14","guid":{"rendered":"https:\/\/foreroagro.com\/tienda\/?post_type=product&#038;p=4872"},"modified":"2022-09-14T10:21:37","modified_gmt":"2022-09-14T10:21:37","slug":"brocoli-hibrido-f-1-gentelman","status":"publish","type":"product","link":"https:\/\/foreroagro.com\/tienda\/producto\/brocoli-hibrido-f-1-gentelman\/","title":{"rendered":"Br\u00f3coli H\u00edbrido F-1 Gentleman"},"content":{"rendered":"<h4>Br\u00f3coli H\u00edbrido F-1 Gentleman<\/h4>\n<p>Variedad de ciclo precoz aprox. 80 d\u00edas tras el transplante, planta de desarrollo medio. Cabezas de color verde intenso, de forma semiesferica, con pocos brotes laterales. La cabeza es compacta, de textura fina, muy uniforme, sin coloraci\u00f3n antoci\u00e1nica. Adaptado para cultivo oto\u00f1al e invernal en zonas templadas.<br \/>\nCULTIVO: terreno profundo y rico en materia org\u00e1nica. Evitar que las plantas envejezcan en semillero. Tras recolectar la pella principal, rebrotan pellas secundarias.<\/p>\n","protected":false},"excerpt":{"rendered":"<p>Variedad de ciclo precoz aprox. 80 d\u00edas tras el transplante, planta de desarrollo medio. Cabezas de color verde intenso, de forma semiesf\u00e9rica, con pocos brotes laterales. La cabeza es compacta, de textura fina, muy uniforme, sin coloraci\u00f3n antoci\u00e1nica. Adaptado para cultivo oto\u00f1al e invernal en zonas templadas.<br \/>\nCULTIVO: terreno profundo y rico en materia org\u00e1nica. Evitar que las plantas envejezcan en semillero. Tras recolectar la pella principal, rebrotan pellas secundarias.<\/p>\n","protected":false},"featured_media":4915,"template":"","meta":[],"product_cat":[40,147],"product_tag":[],"yoast_head":"<!-- This site is optimized with the Yoast SEO plugin v17.5 - https:\/\/yoast.com\/wordpress\/plugins\/seo\/ -->\n<title>Br\u00f3coli H\u00edbrido F-1 Gentleman - Foreroagro<\/title>\n<meta name=\"robots\" content=\"index, follow, max-snippet:-1, max-image-preview:large, max-video-preview:-1\" \/>\n<link rel=\"canonical\" href=\"https:\/\/foreroagro.com\/tienda\/producto\/brocoli-hibrido-f-1-gentelman\/\" \/>\n<meta property=\"og:locale\" content=\"es_ES\" \/>\n<meta property=\"og:type\" content=\"article\" \/>\n<meta property=\"og:title\" content=\"Br\u00f3coli H\u00edbrido F-1 Gentleman - Foreroagro\" \/>\n<meta property=\"og:description\" content=\"Variedad de ciclo precoz aprox. 80 d\u00edas tras el transplante, planta de desarrollo medio. Cabezas de color verde intenso, de forma semiesf\u00e9rica, con pocos brotes laterales. La cabeza es compacta, de textura fina, muy uniforme, sin coloraci\u00f3n antoci\u00e1nica. Adaptado para cultivo oto\u00f1al e invernal en zonas templadas. CULTIVO: terreno profundo y rico en materia org\u00e1nica. Evitar que las plantas envejezcan en semillero. Tras recolectar la pella principal, rebrotan pellas secundarias.\" \/>\n<meta property=\"og:url\" content=\"https:\/\/foreroagro.com\/tienda\/producto\/brocoli-hibrido-f-1-gentelman\/\" \/>\n<meta property=\"og:site_name\" content=\"Foreroagro\" \/>\n<meta property=\"article:modified_time\" content=\"2022-09-14T10:21:37+00:00\" \/>\n<meta property=\"og:image\" content=\"https:\/\/foreroagro.com\/tienda\/wp-content\/uploads\/2019\/02\/SHBP0196-00-BROCULI-HIBRIDO-F-1-GENTLEMAN.jpg\" \/>\n\t<meta property=\"og:image:width\" content=\"569\" \/>\n\t<meta property=\"og:image:height\" content=\"569\" \/>\n<meta name=\"twitter:card\" content=\"summary_large_image\" \/>\n<script type=\"application\/ld+json\" class=\"yoast-schema-graph\">{\"@context\":\"https:\/\/schema.org\",\"@graph\":[{\"@type\":\"Organization\",\"@id\":\"https:\/\/foreroagro.com\/tienda\/#organization\",\"name\":\"Foreroagro S.L.\",\"url\":\"https:\/\/foreroagro.com\/tienda\/\",\"sameAs\":[],\"logo\":{\"@type\":\"ImageObject\",\"@id\":\"https:\/\/foreroagro.com\/tienda\/#logo\",\"inLanguage\":\"es\",\"url\":\"https:\/\/foreroagro.com\/tienda\/wp-content\/uploads\/2018\/05\/Logo-foreroagro-e1527273021153.png\",\"contentUrl\":\"https:\/\/foreroagro.com\/tienda\/wp-content\/uploads\/2018\/05\/Logo-foreroagro-e1527273021153.png\",\"width\":80,\"height\":80,\"caption\":\"Foreroagro S.L.\"},\"image\":{\"@id\":\"https:\/\/foreroagro.com\/tienda\/#logo\"}},{\"@type\":\"WebSite\",\"@id\":\"https:\/\/foreroagro.com\/tienda\/#website\",\"url\":\"https:\/\/foreroagro.com\/tienda\/\",\"name\":\"Foreroagro\",\"description\":\"Soluciones agr\\u00edcolas online\",\"publisher\":{\"@id\":\"https:\/\/foreroagro.com\/tienda\/#organization\"},\"potentialAction\":[{\"@type\":\"SearchAction\",\"target\":{\"@type\":\"EntryPoint\",\"urlTemplate\":\"https:\/\/foreroagro.com\/tienda\/?s={search_term_string}\"},\"query-input\":\"required name=search_term_string\"}],\"inLanguage\":\"es\"},{\"@type\":\"ImageObject\",\"@id\":\"https:\/\/foreroagro.com\/tienda\/producto\/brocoli-hibrido-f-1-gentelman\/#primaryimage\",\"inLanguage\":\"es\",\"url\":\"https:\/\/foreroagro.com\/tienda\/wp-content\/uploads\/2019\/02\/SHBP0196-00-BROCULI-HIBRIDO-F-1-GENTLEMAN.jpg\",\"contentUrl\":\"https:\/\/foreroagro.com\/tienda\/wp-content\/uploads\/2019\/02\/SHBP0196-00-BROCULI-HIBRIDO-F-1-GENTLEMAN.jpg\",\"width\":569,\"height\":569},{\"@type\":\"WebPage\",\"@id\":\"https:\/\/foreroagro.com\/tienda\/producto\/brocoli-hibrido-f-1-gentelman\/#webpage\",\"url\":\"https:\/\/foreroagro.com\/tienda\/producto\/brocoli-hibrido-f-1-gentelman\/\",\"name\":\"Br\\u00f3coli H\\u00edbrido F-1 Gentleman - Foreroagro\",\"isPartOf\":{\"@id\":\"https:\/\/foreroagro.com\/tienda\/#website\"},\"primaryImageOfPage\":{\"@id\":\"https:\/\/foreroagro.com\/tienda\/producto\/brocoli-hibrido-f-1-gentelman\/#primaryimage\"},\"datePublished\":\"2019-02-26T18:46:14+00:00\",\"dateModified\":\"2022-09-14T10:21:37+00:00\",\"breadcrumb\":{\"@id\":\"https:\/\/foreroagro.com\/tienda\/producto\/brocoli-hibrido-f-1-gentelman\/#breadcrumb\"},\"inLanguage\":\"es\",\"potentialAction\":[{\"@type\":\"ReadAction\",\"target\":[\"https:\/\/foreroagro.com\/tienda\/producto\/brocoli-hibrido-f-1-gentelman\/\"]}]},{\"@type\":\"BreadcrumbList\",\"@id\":\"https:\/\/foreroagro.com\/tienda\/producto\/brocoli-hibrido-f-1-gentelman\/#breadcrumb\",\"itemListElement\":[{\"@type\":\"ListItem\",\"position\":1,\"name\":\"Portada\",\"item\":\"https:\/\/foreroagro.com\/tienda\/\"},{\"@type\":\"ListItem\",\"position\":2,\"name\":\"Tienda\",\"item\":\"https:\/\/foreroagro.com\/tienda\/\"},{\"@type\":\"ListItem\",\"position\":3,\"name\":\"Br\\u00f3coli H\\u00edbrido F-1 Gentleman\"}]}]}<\/script>\n<!-- \/ Yoast SEO plugin. -->","yoast_head_json":{"title":"Br\u00f3coli H\u00edbrido F-1 Gentleman - Foreroagro","robots":{"index":"index","follow":"follow","max-snippet":"max-snippet:-1","max-image-preview":"max-image-preview:large","max-video-preview":"max-video-preview:-1"},"canonical":"https:\/\/foreroagro.com\/tienda\/producto\/brocoli-hibrido-f-1-gentelman\/","og_locale":"es_ES","og_type":"article","og_title":"Br\u00f3coli H\u00edbrido F-1 Gentleman - Foreroagro","og_description":"Variedad de ciclo precoz aprox. 80 d\u00edas tras el transplante, planta de desarrollo medio. Cabezas de color verde intenso, de forma semiesf\u00e9rica, con pocos brotes laterales. La cabeza es compacta, de textura fina, muy uniforme, sin coloraci\u00f3n antoci\u00e1nica. Adaptado para cultivo oto\u00f1al e invernal en zonas templadas. CULTIVO: terreno profundo y rico en materia org\u00e1nica. Evitar que las plantas envejezcan en semillero. Tras recolectar la pella principal, rebrotan pellas secundarias.","og_url":"https:\/\/foreroagro.com\/tienda\/producto\/brocoli-hibrido-f-1-gentelman\/","og_site_name":"Foreroagro","article_modified_time":"2022-09-14T10:21:37+00:00","og_image":[{"width":569,"height":569,"url":"https:\/\/foreroagro.com\/tienda\/wp-content\/uploads\/2019\/02\/SHBP0196-00-BROCULI-HIBRIDO-F-1-GENTLEMAN.jpg","type":"image\/jpeg"}],"twitter_card":"summary_large_image","schema":{"@context":"https:\/\/schema.org","@graph":[{"@type":"Organization","@id":"https:\/\/foreroagro.com\/tienda\/#organization","name":"Foreroagro S.L.","url":"https:\/\/foreroagro.com\/tienda\/","sameAs":[],"logo":{"@type":"ImageObject","@id":"https:\/\/foreroagro.com\/tienda\/#logo","inLanguage":"es","url":"https:\/\/foreroagro.com\/tienda\/wp-content\/uploads\/2018\/05\/Logo-foreroagro-e1527273021153.png","contentUrl":"https:\/\/foreroagro.com\/tienda\/wp-content\/uploads\/2018\/05\/Logo-foreroagro-e1527273021153.png","width":80,"height":80,"caption":"Foreroagro S.L."},"image":{"@id":"https:\/\/foreroagro.com\/tienda\/#logo"}},{"@type":"WebSite","@id":"https:\/\/foreroagro.com\/tienda\/#website","url":"https:\/\/foreroagro.com\/tienda\/","name":"Foreroagro","description":"Soluciones agr\u00edcolas online","publisher":{"@id":"https:\/\/foreroagro.com\/tienda\/#organization"},"potentialAction":[{"@type":"SearchAction","target":{"@type":"EntryPoint","urlTemplate":"https:\/\/foreroagro.com\/tienda\/?s={search_term_string}"},"query-input":"required name=search_term_string"}],"inLanguage":"es"},{"@type":"ImageObject","@id":"https:\/\/foreroagro.com\/tienda\/producto\/brocoli-hibrido-f-1-gentelman\/#primaryimage","inLanguage":"es","url":"https:\/\/foreroagro.com\/tienda\/wp-content\/uploads\/2019\/02\/SHBP0196-00-BROCULI-HIBRIDO-F-1-GENTLEMAN.jpg","contentUrl":"https:\/\/foreroagro.com\/tienda\/wp-content\/uploads\/2019\/02\/SHBP0196-00-BROCULI-HIBRIDO-F-1-GENTLEMAN.jpg","width":569,"height":569},{"@type":"WebPage","@id":"https:\/\/foreroagro.com\/tienda\/producto\/brocoli-hibrido-f-1-gentelman\/#webpage","url":"https:\/\/foreroagro.com\/tienda\/producto\/brocoli-hibrido-f-1-gentelman\/","name":"Br\u00f3coli H\u00edbrido F-1 Gentleman - Foreroagro","isPartOf":{"@id":"https:\/\/foreroagro.com\/tienda\/#website"},"primaryImageOfPage":{"@id":"https:\/\/foreroagro.com\/tienda\/producto\/brocoli-hibrido-f-1-gentelman\/#primaryimage"},"datePublished":"2019-02-26T18:46:14+00:00","dateModified":"2022-09-14T10:21:37+00:00","breadcrumb":{"@id":"https:\/\/foreroagro.com\/tienda\/producto\/brocoli-hibrido-f-1-gentelman\/#breadcrumb"},"inLanguage":"es","potentialAction":[{"@type":"ReadAction","target":["https:\/\/foreroagro.com\/tienda\/producto\/brocoli-hibrido-f-1-gentelman\/"]}]},{"@type":"BreadcrumbList","@id":"https:\/\/foreroagro.com\/tienda\/producto\/brocoli-hibrido-f-1-gentelman\/#breadcrumb","itemListElement":[{"@type":"ListItem","position":1,"name":"Portada","item":"https:\/\/foreroagro.com\/tienda\/"},{"@type":"ListItem","position":2,"name":"Tienda","item":"https:\/\/foreroagro.com\/tienda\/"},{"@type":"ListItem","position":3,"name":"Br\u00f3coli H\u00edbrido F-1 Gentleman"}]}]}},"_links":{"self":[{"href":"https:\/\/foreroagro.com\/tienda\/wp-json\/wp\/v2\/product\/4872"}],"collection":[{"href":"https:\/\/foreroagro.com\/tienda\/wp-json\/wp\/v2\/product"}],"about":[{"href":"https:\/\/foreroagro.com\/tienda\/wp-json\/wp\/v2\/types\/product"}],"wp:featuredmedia":[{"embeddable":true,"href":"https:\/\/foreroagro.com\/tienda\/wp-json\/wp\/v2\/media\/4915"}],"wp:attachment":[{"href":"https:\/\/foreroagro.com\/tienda\/wp-json\/wp\/v2\/media?parent=4872"}],"wp:term":[{"taxonomy":"product_cat","embeddable":true,"href":"https:\/\/foreroagro.com\/tienda\/wp-json\/wp\/v2\/product_cat?post=4872"},{"taxonomy":"product_tag","embeddable":true,"href":"https:\/\/foreroagro.com\/tienda\/wp-json\/wp\/v2\/product_tag?post=4872"}],"curies":[{"name":"wp","href":"https:\/\/api.w.org\/{rel}","templated":true}]}}