{"id":5831,"date":"2019-04-02T18:18:41","date_gmt":"2019-04-02T18:18:41","guid":{"rendered":"https:\/\/foreroagro.com\/tienda\/?post_type=product&#038;p=5831"},"modified":"2019-07-01T11:14:24","modified_gmt":"2019-07-01T11:14:24","slug":"pulverizador-technology-lanza-acero-fibra-m-94-4-horas","status":"publish","type":"product","link":"https:\/\/foreroagro.com\/tienda\/producto\/pulverizador-technology-lanza-acero-fibra-m-94-4-horas\/","title":{"rendered":"Pulverizador Technology Lanza Acero \/ Fibra M.94 (4 Horas)"},"content":{"rendered":"<p><strong>Pulverizador Technology Lanza Acero \/ Fibra M.94 (4 Horas)<\/strong><\/p>\n<p style=\"margin: 0cm; margin-bottom: .0001pt; background: white; vertical-align: baseline;\"><span style=\"font-size: 10.0pt; font-family: 'Arial','sans-serif'; color: #333333;\">2 Velocidades.<\/span><\/p>\n<p style=\"margin: 0cm; margin-bottom: .0001pt; background: white; vertical-align: baseline; box-sizing: border-box; outline: 0px; font-variant-ligatures: normal; font-variant-caps: normal; orphans: 2; text-align: start; widows: 2; -webkit-text-stroke-width: 0px; text-decoration-style: initial; text-decoration-color: initial; word-spacing: 0px;\"><span style=\"font-size: 10.0pt; font-family: 'Arial','sans-serif'; color: #333333;\">Boquilla regulable y posibilidad de adaptar otras boquillas.<\/span><\/p>\n<p style=\"margin: 0cm; margin-bottom: .0001pt; background: white; vertical-align: baseline; box-sizing: border-box; outline: 0px; font-variant-ligatures: normal; font-variant-caps: normal; orphans: 2; text-align: start; widows: 2; -webkit-text-stroke-width: 0px; text-decoration-style: initial; text-decoration-color: initial; word-spacing: 0px;\"><span style=\"font-size: 10.0pt; font-family: 'Arial','sans-serif'; color: #333333;\">Filtro de la lanza.<\/span><\/p>\n<p style=\"margin: 0cm; margin-bottom: .0001pt; background: white; vertical-align: baseline; box-sizing: border-box; outline: 0px; font-variant-ligatures: normal; font-variant-caps: normal; orphans: 2; text-align: start; widows: 2; -webkit-text-stroke-width: 0px; text-decoration-style: initial; text-decoration-color: initial; word-spacing: 0px;\"><span style=\"font-size: 10.0pt; font-family: 'Arial','sans-serif'; color: #333333;\">Bomba de membrana.<\/span><\/p>\n<p style=\"margin: 0cm; margin-bottom: .0001pt; background: white; vertical-align: baseline;\"><span style=\"font-size: 10.0pt; font-family: 'Arial','sans-serif'; color: #333333;\">La duraci\u00f3n real de la bater\u00eda depende de muchos factores, entre ellos est\u00e1 la temperatura del entrono en la cual se trabaja, as\u00ed como la presi\u00f3n utilizada durante la aplicaci\u00f3n y la antig\u00fcedad de la bater\u00eda.<\/span><\/p>\n<p>&nbsp;<\/p>\n","protected":false},"excerpt":{"rendered":"<p>Bater\u00eda recargable de litio, que permite mantener una presi\u00f3n constante en todo momento.<\/p>\n<p>Pulverizador fabricado con materiales de primera calidad.<\/p>\n<p>Incluye 1 bater\u00eda y 1 cargador.<\/p>\n","protected":false},"featured_media":5834,"template":"","meta":[],"product_cat":[49,52,88],"product_tag":[],"yoast_head":"<!-- This site is optimized with the Yoast SEO plugin v17.5 - https:\/\/yoast.com\/wordpress\/plugins\/seo\/ -->\n<title>Pulverizador Technology Lanza Acero \/ Fibra M.94 (4 Horas) - Foreroagro<\/title>\n<meta name=\"robots\" content=\"index, follow, max-snippet:-1, max-image-preview:large, max-video-preview:-1\" \/>\n<link rel=\"canonical\" href=\"https:\/\/foreroagro.com\/tienda\/producto\/pulverizador-technology-lanza-acero-fibra-m-94-4-horas\/\" \/>\n<meta property=\"og:locale\" content=\"es_ES\" \/>\n<meta property=\"og:type\" content=\"article\" \/>\n<meta property=\"og:title\" content=\"Pulverizador Technology Lanza Acero \/ Fibra M.94 (4 Horas) - Foreroagro\" \/>\n<meta property=\"og:description\" content=\"Bater\u00eda recargable de litio, que permite mantener una presi\u00f3n constante en todo momento.  Pulverizador fabricado con materiales de primera calidad.  Incluye 1 bater\u00eda y 1 cargador.\" \/>\n<meta property=\"og:url\" content=\"https:\/\/foreroagro.com\/tienda\/producto\/pulverizador-technology-lanza-acero-fibra-m-94-4-horas\/\" \/>\n<meta property=\"og:site_name\" content=\"Foreroagro\" \/>\n<meta property=\"article:modified_time\" content=\"2019-07-01T11:14:24+00:00\" \/>\n<meta property=\"og:image\" content=\"https:\/\/foreroagro.com\/tienda\/wp-content\/uploads\/2019\/04\/1110-Technology-Lanza-Acero-M.94.jpg\" \/>\n\t<meta property=\"og:image:width\" content=\"569\" \/>\n\t<meta property=\"og:image:height\" content=\"569\" \/>\n<meta name=\"twitter:card\" content=\"summary_large_image\" \/>\n<script type=\"application\/ld+json\" class=\"yoast-schema-graph\">{\"@context\":\"https:\/\/schema.org\",\"@graph\":[{\"@type\":\"Organization\",\"@id\":\"https:\/\/foreroagro.com\/tienda\/#organization\",\"name\":\"Foreroagro S.L.\",\"url\":\"https:\/\/foreroagro.com\/tienda\/\",\"sameAs\":[],\"logo\":{\"@type\":\"ImageObject\",\"@id\":\"https:\/\/foreroagro.com\/tienda\/#logo\",\"inLanguage\":\"es\",\"url\":\"https:\/\/foreroagro.com\/tienda\/wp-content\/uploads\/2018\/05\/Logo-foreroagro-e1527273021153.png\",\"contentUrl\":\"https:\/\/foreroagro.com\/tienda\/wp-content\/uploads\/2018\/05\/Logo-foreroagro-e1527273021153.png\",\"width\":80,\"height\":80,\"caption\":\"Foreroagro S.L.\"},\"image\":{\"@id\":\"https:\/\/foreroagro.com\/tienda\/#logo\"}},{\"@type\":\"WebSite\",\"@id\":\"https:\/\/foreroagro.com\/tienda\/#website\",\"url\":\"https:\/\/foreroagro.com\/tienda\/\",\"name\":\"Foreroagro\",\"description\":\"Soluciones agr\\u00edcolas online\",\"publisher\":{\"@id\":\"https:\/\/foreroagro.com\/tienda\/#organization\"},\"potentialAction\":[{\"@type\":\"SearchAction\",\"target\":{\"@type\":\"EntryPoint\",\"urlTemplate\":\"https:\/\/foreroagro.com\/tienda\/?s={search_term_string}\"},\"query-input\":\"required name=search_term_string\"}],\"inLanguage\":\"es\"},{\"@type\":\"ImageObject\",\"@id\":\"https:\/\/foreroagro.com\/tienda\/producto\/pulverizador-technology-lanza-acero-fibra-m-94-4-horas\/#primaryimage\",\"inLanguage\":\"es\",\"url\":\"https:\/\/foreroagro.com\/tienda\/wp-content\/uploads\/2019\/04\/1110-Technology-Lanza-Acero-M.94.jpg\",\"contentUrl\":\"https:\/\/foreroagro.com\/tienda\/wp-content\/uploads\/2019\/04\/1110-Technology-Lanza-Acero-M.94.jpg\",\"width\":569,\"height\":569},{\"@type\":\"WebPage\",\"@id\":\"https:\/\/foreroagro.com\/tienda\/producto\/pulverizador-technology-lanza-acero-fibra-m-94-4-horas\/#webpage\",\"url\":\"https:\/\/foreroagro.com\/tienda\/producto\/pulverizador-technology-lanza-acero-fibra-m-94-4-horas\/\",\"name\":\"Pulverizador Technology Lanza Acero \/ Fibra M.94 (4 Horas) - Foreroagro\",\"isPartOf\":{\"@id\":\"https:\/\/foreroagro.com\/tienda\/#website\"},\"primaryImageOfPage\":{\"@id\":\"https:\/\/foreroagro.com\/tienda\/producto\/pulverizador-technology-lanza-acero-fibra-m-94-4-horas\/#primaryimage\"},\"datePublished\":\"2019-04-02T18:18:41+00:00\",\"dateModified\":\"2019-07-01T11:14:24+00:00\",\"breadcrumb\":{\"@id\":\"https:\/\/foreroagro.com\/tienda\/producto\/pulverizador-technology-lanza-acero-fibra-m-94-4-horas\/#breadcrumb\"},\"inLanguage\":\"es\",\"potentialAction\":[{\"@type\":\"ReadAction\",\"target\":[\"https:\/\/foreroagro.com\/tienda\/producto\/pulverizador-technology-lanza-acero-fibra-m-94-4-horas\/\"]}]},{\"@type\":\"BreadcrumbList\",\"@id\":\"https:\/\/foreroagro.com\/tienda\/producto\/pulverizador-technology-lanza-acero-fibra-m-94-4-horas\/#breadcrumb\",\"itemListElement\":[{\"@type\":\"ListItem\",\"position\":1,\"name\":\"Portada\",\"item\":\"https:\/\/foreroagro.com\/tienda\/\"},{\"@type\":\"ListItem\",\"position\":2,\"name\":\"Tienda\",\"item\":\"https:\/\/foreroagro.com\/tienda\/\"},{\"@type\":\"ListItem\",\"position\":3,\"name\":\"Pulverizador Technology Lanza Acero \/ Fibra M.94 (4 Horas)\"}]}]}<\/script>\n<!-- \/ Yoast SEO plugin. -->","yoast_head_json":{"title":"Pulverizador Technology Lanza Acero \/ Fibra M.94 (4 Horas) - Foreroagro","robots":{"index":"index","follow":"follow","max-snippet":"max-snippet:-1","max-image-preview":"max-image-preview:large","max-video-preview":"max-video-preview:-1"},"canonical":"https:\/\/foreroagro.com\/tienda\/producto\/pulverizador-technology-lanza-acero-fibra-m-94-4-horas\/","og_locale":"es_ES","og_type":"article","og_title":"Pulverizador Technology Lanza Acero \/ Fibra M.94 (4 Horas) - Foreroagro","og_description":"Bater\u00eda recargable de litio, que permite mantener una presi\u00f3n constante en todo momento.  Pulverizador fabricado con materiales de primera calidad.  Incluye 1 bater\u00eda y 1 cargador.","og_url":"https:\/\/foreroagro.com\/tienda\/producto\/pulverizador-technology-lanza-acero-fibra-m-94-4-horas\/","og_site_name":"Foreroagro","article_modified_time":"2019-07-01T11:14:24+00:00","og_image":[{"width":569,"height":569,"url":"https:\/\/foreroagro.com\/tienda\/wp-content\/uploads\/2019\/04\/1110-Technology-Lanza-Acero-M.94.jpg","type":"image\/jpeg"}],"twitter_card":"summary_large_image","schema":{"@context":"https:\/\/schema.org","@graph":[{"@type":"Organization","@id":"https:\/\/foreroagro.com\/tienda\/#organization","name":"Foreroagro S.L.","url":"https:\/\/foreroagro.com\/tienda\/","sameAs":[],"logo":{"@type":"ImageObject","@id":"https:\/\/foreroagro.com\/tienda\/#logo","inLanguage":"es","url":"https:\/\/foreroagro.com\/tienda\/wp-content\/uploads\/2018\/05\/Logo-foreroagro-e1527273021153.png","contentUrl":"https:\/\/foreroagro.com\/tienda\/wp-content\/uploads\/2018\/05\/Logo-foreroagro-e1527273021153.png","width":80,"height":80,"caption":"Foreroagro S.L."},"image":{"@id":"https:\/\/foreroagro.com\/tienda\/#logo"}},{"@type":"WebSite","@id":"https:\/\/foreroagro.com\/tienda\/#website","url":"https:\/\/foreroagro.com\/tienda\/","name":"Foreroagro","description":"Soluciones agr\u00edcolas online","publisher":{"@id":"https:\/\/foreroagro.com\/tienda\/#organization"},"potentialAction":[{"@type":"SearchAction","target":{"@type":"EntryPoint","urlTemplate":"https:\/\/foreroagro.com\/tienda\/?s={search_term_string}"},"query-input":"required name=search_term_string"}],"inLanguage":"es"},{"@type":"ImageObject","@id":"https:\/\/foreroagro.com\/tienda\/producto\/pulverizador-technology-lanza-acero-fibra-m-94-4-horas\/#primaryimage","inLanguage":"es","url":"https:\/\/foreroagro.com\/tienda\/wp-content\/uploads\/2019\/04\/1110-Technology-Lanza-Acero-M.94.jpg","contentUrl":"https:\/\/foreroagro.com\/tienda\/wp-content\/uploads\/2019\/04\/1110-Technology-Lanza-Acero-M.94.jpg","width":569,"height":569},{"@type":"WebPage","@id":"https:\/\/foreroagro.com\/tienda\/producto\/pulverizador-technology-lanza-acero-fibra-m-94-4-horas\/#webpage","url":"https:\/\/foreroagro.com\/tienda\/producto\/pulverizador-technology-lanza-acero-fibra-m-94-4-horas\/","name":"Pulverizador Technology Lanza Acero \/ Fibra M.94 (4 Horas) - Foreroagro","isPartOf":{"@id":"https:\/\/foreroagro.com\/tienda\/#website"},"primaryImageOfPage":{"@id":"https:\/\/foreroagro.com\/tienda\/producto\/pulverizador-technology-lanza-acero-fibra-m-94-4-horas\/#primaryimage"},"datePublished":"2019-04-02T18:18:41+00:00","dateModified":"2019-07-01T11:14:24+00:00","breadcrumb":{"@id":"https:\/\/foreroagro.com\/tienda\/producto\/pulverizador-technology-lanza-acero-fibra-m-94-4-horas\/#breadcrumb"},"inLanguage":"es","potentialAction":[{"@type":"ReadAction","target":["https:\/\/foreroagro.com\/tienda\/producto\/pulverizador-technology-lanza-acero-fibra-m-94-4-horas\/"]}]},{"@type":"BreadcrumbList","@id":"https:\/\/foreroagro.com\/tienda\/producto\/pulverizador-technology-lanza-acero-fibra-m-94-4-horas\/#breadcrumb","itemListElement":[{"@type":"ListItem","position":1,"name":"Portada","item":"https:\/\/foreroagro.com\/tienda\/"},{"@type":"ListItem","position":2,"name":"Tienda","item":"https:\/\/foreroagro.com\/tienda\/"},{"@type":"ListItem","position":3,"name":"Pulverizador Technology Lanza Acero \/ Fibra M.94 (4 Horas)"}]}]}},"_links":{"self":[{"href":"https:\/\/foreroagro.com\/tienda\/wp-json\/wp\/v2\/product\/5831"}],"collection":[{"href":"https:\/\/foreroagro.com\/tienda\/wp-json\/wp\/v2\/product"}],"about":[{"href":"https:\/\/foreroagro.com\/tienda\/wp-json\/wp\/v2\/types\/product"}],"wp:featuredmedia":[{"embeddable":true,"href":"https:\/\/foreroagro.com\/tienda\/wp-json\/wp\/v2\/media\/5834"}],"wp:attachment":[{"href":"https:\/\/foreroagro.com\/tienda\/wp-json\/wp\/v2\/media?parent=5831"}],"wp:term":[{"taxonomy":"product_cat","embeddable":true,"href":"https:\/\/foreroagro.com\/tienda\/wp-json\/wp\/v2\/product_cat?post=5831"},{"taxonomy":"product_tag","embeddable":true,"href":"https:\/\/foreroagro.com\/tienda\/wp-json\/wp\/v2\/product_tag?post=5831"}],"curies":[{"name":"wp","href":"https:\/\/api.w.org\/{rel}","templated":true}]}}