{"id":9212,"date":"2020-06-19T10:32:01","date_gmt":"2020-06-19T10:32:01","guid":{"rendered":"https:\/\/foreroagro.com\/tienda\/?post_type=product&#038;p=9212"},"modified":"2022-09-14T10:58:12","modified_gmt":"2022-09-14T10:58:12","slug":"kit-bombeo-solar-para-1cv","status":"publish","type":"product","link":"https:\/\/foreroagro.com\/tienda\/producto\/kit-bombeo-solar-para-1cv\/","title":{"rendered":"Kit Bombeo Solar para 1cv"},"content":{"rendered":"<p>Kit Bombeo Solar para 1cv<\/p>\n<p>Es un sistema de bombeo solar directo apto tanto para bombas que ya tengamos monof\u00e1sicas como trif\u00e1sicas de 230V hasta una potencia m\u00e1xima de 1CV, dada la potencia solar incluida<\/p>\n<p><strong>Energ\u00eda captada en un d\u00eda: 6660 Wh\/dia en invierno y 15540 Wh\/dia en verano<\/strong><\/p>\n","protected":false},"excerpt":{"rendered":"<h3>Sistema de Bombeo Solar directo<\/h3>\n<h3><strong>Energ\u00eda captada en un d\u00eda: 6660 Wh\/dia en invierno y 15540 Wh\/dia en verano<\/strong><\/h3>\n<p><span style=\"color: #ff0000;\"><strong>TRANSPORTE GRATIS (Espa\u00f1a peninsular)<\/strong><\/span><\/p>\n","protected":false},"featured_media":9213,"template":"","meta":[],"product_cat":[115,303,304,305],"product_tag":[],"yoast_head":"<!-- This site is optimized with the Yoast SEO plugin v17.5 - https:\/\/yoast.com\/wordpress\/plugins\/seo\/ -->\n<title>Kit Bombeo Solar para 1cv - Foreroagro<\/title>\n<meta name=\"description\" content=\"Kit Bombeo Solar para 1cv Sistema de bombeo solar directo apto para monof\u00e1sica como trif\u00e1sica 230v de gran rendimiento y rapida amortizaci\u00f3n\" \/>\n<meta name=\"robots\" content=\"index, follow, max-snippet:-1, max-image-preview:large, max-video-preview:-1\" \/>\n<link rel=\"canonical\" href=\"https:\/\/foreroagro.com\/tienda\/producto\/kit-bombeo-solar-para-1cv\/\" \/>\n<meta property=\"og:locale\" content=\"es_ES\" \/>\n<meta property=\"og:type\" content=\"article\" \/>\n<meta property=\"og:title\" content=\"Kit Bombeo Solar para 1cv - Foreroagro\" \/>\n<meta property=\"og:description\" content=\"Kit Bombeo Solar para 1cv Sistema de bombeo solar directo apto para monof\u00e1sica como trif\u00e1sica 230v de gran rendimiento y rapida amortizaci\u00f3n\" \/>\n<meta property=\"og:url\" content=\"https:\/\/foreroagro.com\/tienda\/producto\/kit-bombeo-solar-para-1cv\/\" \/>\n<meta property=\"og:site_name\" content=\"Foreroagro\" \/>\n<meta property=\"article:modified_time\" content=\"2022-09-14T10:58:12+00:00\" \/>\n<meta property=\"og:image\" content=\"https:\/\/foreroagro.com\/tienda\/wp-content\/uploads\/2020\/06\/Kit-Bombeo-Solar-para-1cv.jpg\" \/>\n\t<meta property=\"og:image:width\" content=\"569\" \/>\n\t<meta property=\"og:image:height\" content=\"569\" \/>\n<meta name=\"twitter:card\" content=\"summary_large_image\" \/>\n<script type=\"application\/ld+json\" class=\"yoast-schema-graph\">{\"@context\":\"https:\/\/schema.org\",\"@graph\":[{\"@type\":\"Organization\",\"@id\":\"https:\/\/foreroagro.com\/tienda\/#organization\",\"name\":\"Foreroagro S.L.\",\"url\":\"https:\/\/foreroagro.com\/tienda\/\",\"sameAs\":[],\"logo\":{\"@type\":\"ImageObject\",\"@id\":\"https:\/\/foreroagro.com\/tienda\/#logo\",\"inLanguage\":\"es\",\"url\":\"https:\/\/foreroagro.com\/tienda\/wp-content\/uploads\/2018\/05\/Logo-foreroagro-e1527273021153.png\",\"contentUrl\":\"https:\/\/foreroagro.com\/tienda\/wp-content\/uploads\/2018\/05\/Logo-foreroagro-e1527273021153.png\",\"width\":80,\"height\":80,\"caption\":\"Foreroagro S.L.\"},\"image\":{\"@id\":\"https:\/\/foreroagro.com\/tienda\/#logo\"}},{\"@type\":\"WebSite\",\"@id\":\"https:\/\/foreroagro.com\/tienda\/#website\",\"url\":\"https:\/\/foreroagro.com\/tienda\/\",\"name\":\"Foreroagro\",\"description\":\"Soluciones agr\\u00edcolas online\",\"publisher\":{\"@id\":\"https:\/\/foreroagro.com\/tienda\/#organization\"},\"potentialAction\":[{\"@type\":\"SearchAction\",\"target\":{\"@type\":\"EntryPoint\",\"urlTemplate\":\"https:\/\/foreroagro.com\/tienda\/?s={search_term_string}\"},\"query-input\":\"required name=search_term_string\"}],\"inLanguage\":\"es\"},{\"@type\":\"ImageObject\",\"@id\":\"https:\/\/foreroagro.com\/tienda\/producto\/kit-bombeo-solar-para-1cv\/#primaryimage\",\"inLanguage\":\"es\",\"url\":\"https:\/\/foreroagro.com\/tienda\/wp-content\/uploads\/2020\/06\/Kit-Bombeo-Solar-para-1cv.jpg\",\"contentUrl\":\"https:\/\/foreroagro.com\/tienda\/wp-content\/uploads\/2020\/06\/Kit-Bombeo-Solar-para-1cv.jpg\",\"width\":569,\"height\":569,\"caption\":\"Kit Bombeo Solar para 1cv\"},{\"@type\":\"WebPage\",\"@id\":\"https:\/\/foreroagro.com\/tienda\/producto\/kit-bombeo-solar-para-1cv\/#webpage\",\"url\":\"https:\/\/foreroagro.com\/tienda\/producto\/kit-bombeo-solar-para-1cv\/\",\"name\":\"Kit Bombeo Solar para 1cv - Foreroagro\",\"isPartOf\":{\"@id\":\"https:\/\/foreroagro.com\/tienda\/#website\"},\"primaryImageOfPage\":{\"@id\":\"https:\/\/foreroagro.com\/tienda\/producto\/kit-bombeo-solar-para-1cv\/#primaryimage\"},\"datePublished\":\"2020-06-19T10:32:01+00:00\",\"dateModified\":\"2022-09-14T10:58:12+00:00\",\"description\":\"Kit Bombeo Solar para 1cv Sistema de bombeo solar directo apto para monof\\u00e1sica como trif\\u00e1sica 230v de gran rendimiento y rapida amortizaci\\u00f3n\",\"breadcrumb\":{\"@id\":\"https:\/\/foreroagro.com\/tienda\/producto\/kit-bombeo-solar-para-1cv\/#breadcrumb\"},\"inLanguage\":\"es\",\"potentialAction\":[{\"@type\":\"ReadAction\",\"target\":[\"https:\/\/foreroagro.com\/tienda\/producto\/kit-bombeo-solar-para-1cv\/\"]}]},{\"@type\":\"BreadcrumbList\",\"@id\":\"https:\/\/foreroagro.com\/tienda\/producto\/kit-bombeo-solar-para-1cv\/#breadcrumb\",\"itemListElement\":[{\"@type\":\"ListItem\",\"position\":1,\"name\":\"Portada\",\"item\":\"https:\/\/foreroagro.com\/tienda\/\"},{\"@type\":\"ListItem\",\"position\":2,\"name\":\"Tienda\",\"item\":\"https:\/\/foreroagro.com\/tienda\/\"},{\"@type\":\"ListItem\",\"position\":3,\"name\":\"Kit Bombeo Solar para 1cv\"}]}]}<\/script>\n<!-- \/ Yoast SEO plugin. -->","yoast_head_json":{"title":"Kit Bombeo Solar para 1cv - Foreroagro","description":"Kit Bombeo Solar para 1cv Sistema de bombeo solar directo apto para monof\u00e1sica como trif\u00e1sica 230v de gran rendimiento y rapida amortizaci\u00f3n","robots":{"index":"index","follow":"follow","max-snippet":"max-snippet:-1","max-image-preview":"max-image-preview:large","max-video-preview":"max-video-preview:-1"},"canonical":"https:\/\/foreroagro.com\/tienda\/producto\/kit-bombeo-solar-para-1cv\/","og_locale":"es_ES","og_type":"article","og_title":"Kit Bombeo Solar para 1cv - Foreroagro","og_description":"Kit Bombeo Solar para 1cv Sistema de bombeo solar directo apto para monof\u00e1sica como trif\u00e1sica 230v de gran rendimiento y rapida amortizaci\u00f3n","og_url":"https:\/\/foreroagro.com\/tienda\/producto\/kit-bombeo-solar-para-1cv\/","og_site_name":"Foreroagro","article_modified_time":"2022-09-14T10:58:12+00:00","og_image":[{"width":569,"height":569,"url":"https:\/\/foreroagro.com\/tienda\/wp-content\/uploads\/2020\/06\/Kit-Bombeo-Solar-para-1cv.jpg","type":"image\/jpeg"}],"twitter_card":"summary_large_image","schema":{"@context":"https:\/\/schema.org","@graph":[{"@type":"Organization","@id":"https:\/\/foreroagro.com\/tienda\/#organization","name":"Foreroagro S.L.","url":"https:\/\/foreroagro.com\/tienda\/","sameAs":[],"logo":{"@type":"ImageObject","@id":"https:\/\/foreroagro.com\/tienda\/#logo","inLanguage":"es","url":"https:\/\/foreroagro.com\/tienda\/wp-content\/uploads\/2018\/05\/Logo-foreroagro-e1527273021153.png","contentUrl":"https:\/\/foreroagro.com\/tienda\/wp-content\/uploads\/2018\/05\/Logo-foreroagro-e1527273021153.png","width":80,"height":80,"caption":"Foreroagro S.L."},"image":{"@id":"https:\/\/foreroagro.com\/tienda\/#logo"}},{"@type":"WebSite","@id":"https:\/\/foreroagro.com\/tienda\/#website","url":"https:\/\/foreroagro.com\/tienda\/","name":"Foreroagro","description":"Soluciones agr\u00edcolas online","publisher":{"@id":"https:\/\/foreroagro.com\/tienda\/#organization"},"potentialAction":[{"@type":"SearchAction","target":{"@type":"EntryPoint","urlTemplate":"https:\/\/foreroagro.com\/tienda\/?s={search_term_string}"},"query-input":"required name=search_term_string"}],"inLanguage":"es"},{"@type":"ImageObject","@id":"https:\/\/foreroagro.com\/tienda\/producto\/kit-bombeo-solar-para-1cv\/#primaryimage","inLanguage":"es","url":"https:\/\/foreroagro.com\/tienda\/wp-content\/uploads\/2020\/06\/Kit-Bombeo-Solar-para-1cv.jpg","contentUrl":"https:\/\/foreroagro.com\/tienda\/wp-content\/uploads\/2020\/06\/Kit-Bombeo-Solar-para-1cv.jpg","width":569,"height":569,"caption":"Kit Bombeo Solar para 1cv"},{"@type":"WebPage","@id":"https:\/\/foreroagro.com\/tienda\/producto\/kit-bombeo-solar-para-1cv\/#webpage","url":"https:\/\/foreroagro.com\/tienda\/producto\/kit-bombeo-solar-para-1cv\/","name":"Kit Bombeo Solar para 1cv - Foreroagro","isPartOf":{"@id":"https:\/\/foreroagro.com\/tienda\/#website"},"primaryImageOfPage":{"@id":"https:\/\/foreroagro.com\/tienda\/producto\/kit-bombeo-solar-para-1cv\/#primaryimage"},"datePublished":"2020-06-19T10:32:01+00:00","dateModified":"2022-09-14T10:58:12+00:00","description":"Kit Bombeo Solar para 1cv Sistema de bombeo solar directo apto para monof\u00e1sica como trif\u00e1sica 230v de gran rendimiento y rapida amortizaci\u00f3n","breadcrumb":{"@id":"https:\/\/foreroagro.com\/tienda\/producto\/kit-bombeo-solar-para-1cv\/#breadcrumb"},"inLanguage":"es","potentialAction":[{"@type":"ReadAction","target":["https:\/\/foreroagro.com\/tienda\/producto\/kit-bombeo-solar-para-1cv\/"]}]},{"@type":"BreadcrumbList","@id":"https:\/\/foreroagro.com\/tienda\/producto\/kit-bombeo-solar-para-1cv\/#breadcrumb","itemListElement":[{"@type":"ListItem","position":1,"name":"Portada","item":"https:\/\/foreroagro.com\/tienda\/"},{"@type":"ListItem","position":2,"name":"Tienda","item":"https:\/\/foreroagro.com\/tienda\/"},{"@type":"ListItem","position":3,"name":"Kit Bombeo Solar para 1cv"}]}]}},"_links":{"self":[{"href":"https:\/\/foreroagro.com\/tienda\/wp-json\/wp\/v2\/product\/9212"}],"collection":[{"href":"https:\/\/foreroagro.com\/tienda\/wp-json\/wp\/v2\/product"}],"about":[{"href":"https:\/\/foreroagro.com\/tienda\/wp-json\/wp\/v2\/types\/product"}],"wp:featuredmedia":[{"embeddable":true,"href":"https:\/\/foreroagro.com\/tienda\/wp-json\/wp\/v2\/media\/9213"}],"wp:attachment":[{"href":"https:\/\/foreroagro.com\/tienda\/wp-json\/wp\/v2\/media?parent=9212"}],"wp:term":[{"taxonomy":"product_cat","embeddable":true,"href":"https:\/\/foreroagro.com\/tienda\/wp-json\/wp\/v2\/product_cat?post=9212"},{"taxonomy":"product_tag","embeddable":true,"href":"https:\/\/foreroagro.com\/tienda\/wp-json\/wp\/v2\/product_tag?post=9212"}],"curies":[{"name":"wp","href":"https:\/\/api.w.org\/{rel}","templated":true}]}}