{"id":9719,"date":"2020-12-11T14:43:19","date_gmt":"2020-12-11T14:43:19","guid":{"rendered":"https:\/\/foreroagro.com\/tienda\/?post_type=product&#038;p=9719"},"modified":"2022-09-14T10:58:07","modified_gmt":"2022-09-14T10:58:07","slug":"terracottem-universal-saco-20-kg","status":"publish","type":"product","link":"https:\/\/foreroagro.com\/tienda\/producto\/terracottem-universal-saco-20-kg\/","title":{"rendered":"TERRACOTTEM UNIVERSAL  Saco 20 Kg"},"content":{"rendered":"<p>TerraCottem Universal<\/p>\n<p>Acondicionador f\u00edsico de suelo formulado para incrementar la capacidad de retenci\u00f3n de agua y nutrientes de los suelos y sustratos.<\/p>\n<p>Aumenta el desarrollo radicular, el crecimiento de las plantas y la tasa de supervivencia y reducir las necesidades de agua de riego hasta en un 50%.<\/p>\n<p>El producto es una mezcla seca, fluida y granular de pol\u00edmeros reticulados hidroabsorbentes, precursores de crecimiento y roca volc\u00e1nica enriquecida<br \/>\ncon fertilizantes solubles, de liberaci\u00f3n controlada y de nitr\u00f3geno sint\u00e9tico.<\/p>\n<p>PLANTAS M\u00c1S VIGOROSAS Y PRODUCCIONES M\u00c1S ELEVADAS<br \/>\nINCREMENTO DE LA TASA DE SUPERVIVENCIA<br \/>\nINCREMENTO DE LA CAPACIDAD DE RETENCI\u00d3N DE AGUA<br \/>\nAHORRO DE AGUA DE RIEGO HASTA EN UN 50%<br \/>\nMEJOR ENRAIZAMIENTO Y DESARROLLO RADICULAR<br \/>\nACELERACI\u00d3N DE LA IMPLANTACI\u00d3N<br \/>\nMAYOR RESISTENCIA A LA SEQU\u00cdA Y A LAS ENFERMEDADES<br \/>\nMAYOR EFICACIA EN EL USO DE LOS NUTRIENTES<br \/>\nPOSIBILIDAD DE PLANTAR EN SUELOS DEGRADADOS, SALINOS O POBRES<\/p>\n<p>&nbsp;<\/p>\n","protected":false},"excerpt":{"rendered":"<h3>Acondicionador f\u00edsico de suelo<\/h3>\n<p>Aumenta el desarrollo radicular y el crecimiento de las plantas<\/p>\n<p>&nbsp;<\/p>\n","protected":false},"featured_media":9721,"template":"","meta":[],"product_cat":[115,35,39],"product_tag":[],"yoast_head":"<!-- This site is optimized with the Yoast SEO plugin v17.5 - https:\/\/yoast.com\/wordpress\/plugins\/seo\/ -->\n<title>TERRACOTTEM UNIVERSAL Saco 20 Kg - Foreroagro<\/title>\n<meta name=\"description\" content=\"TERRACOTTEM UNIVERSAL Saco 20 Kg Acondicionador f\u00edsico de suelo formulado para incrementar la capacidad de retenci\u00f3n de agua y nutrientes\" \/>\n<meta name=\"robots\" content=\"index, follow, max-snippet:-1, max-image-preview:large, max-video-preview:-1\" \/>\n<link rel=\"canonical\" href=\"https:\/\/foreroagro.com\/tienda\/producto\/terracottem-universal-saco-20-kg\/\" \/>\n<meta property=\"og:locale\" content=\"es_ES\" \/>\n<meta property=\"og:type\" content=\"article\" \/>\n<meta property=\"og:title\" content=\"TERRACOTTEM UNIVERSAL Saco 20 Kg - Foreroagro\" \/>\n<meta property=\"og:description\" content=\"TERRACOTTEM UNIVERSAL Saco 20 Kg Acondicionador f\u00edsico de suelo formulado para incrementar la capacidad de retenci\u00f3n de agua y nutrientes\" \/>\n<meta property=\"og:url\" content=\"https:\/\/foreroagro.com\/tienda\/producto\/terracottem-universal-saco-20-kg\/\" \/>\n<meta property=\"og:site_name\" content=\"Foreroagro\" \/>\n<meta property=\"article:modified_time\" content=\"2022-09-14T10:58:07+00:00\" \/>\n<meta property=\"og:image\" content=\"https:\/\/foreroagro.com\/tienda\/wp-content\/uploads\/2020\/12\/terracoten-universal-20-kg.jpg\" \/>\n\t<meta property=\"og:image:width\" content=\"569\" \/>\n\t<meta property=\"og:image:height\" content=\"569\" \/>\n<meta name=\"twitter:card\" content=\"summary_large_image\" \/>\n<meta name=\"twitter:label1\" content=\"Tiempo de lectura\" \/>\n\t<meta name=\"twitter:data1\" content=\"1 minuto\" \/>\n<script type=\"application\/ld+json\" class=\"yoast-schema-graph\">{\"@context\":\"https:\/\/schema.org\",\"@graph\":[{\"@type\":\"Organization\",\"@id\":\"https:\/\/foreroagro.com\/tienda\/#organization\",\"name\":\"Foreroagro S.L.\",\"url\":\"https:\/\/foreroagro.com\/tienda\/\",\"sameAs\":[],\"logo\":{\"@type\":\"ImageObject\",\"@id\":\"https:\/\/foreroagro.com\/tienda\/#logo\",\"inLanguage\":\"es\",\"url\":\"https:\/\/foreroagro.com\/tienda\/wp-content\/uploads\/2018\/05\/Logo-foreroagro-e1527273021153.png\",\"contentUrl\":\"https:\/\/foreroagro.com\/tienda\/wp-content\/uploads\/2018\/05\/Logo-foreroagro-e1527273021153.png\",\"width\":80,\"height\":80,\"caption\":\"Foreroagro S.L.\"},\"image\":{\"@id\":\"https:\/\/foreroagro.com\/tienda\/#logo\"}},{\"@type\":\"WebSite\",\"@id\":\"https:\/\/foreroagro.com\/tienda\/#website\",\"url\":\"https:\/\/foreroagro.com\/tienda\/\",\"name\":\"Foreroagro\",\"description\":\"Soluciones agr\\u00edcolas online\",\"publisher\":{\"@id\":\"https:\/\/foreroagro.com\/tienda\/#organization\"},\"potentialAction\":[{\"@type\":\"SearchAction\",\"target\":{\"@type\":\"EntryPoint\",\"urlTemplate\":\"https:\/\/foreroagro.com\/tienda\/?s={search_term_string}\"},\"query-input\":\"required name=search_term_string\"}],\"inLanguage\":\"es\"},{\"@type\":\"ImageObject\",\"@id\":\"https:\/\/foreroagro.com\/tienda\/producto\/terracottem-universal-saco-20-kg\/#primaryimage\",\"inLanguage\":\"es\",\"url\":\"https:\/\/foreroagro.com\/tienda\/wp-content\/uploads\/2020\/12\/terracoten-universal-20-kg.jpg\",\"contentUrl\":\"https:\/\/foreroagro.com\/tienda\/wp-content\/uploads\/2020\/12\/terracoten-universal-20-kg.jpg\",\"width\":569,\"height\":569},{\"@type\":\"WebPage\",\"@id\":\"https:\/\/foreroagro.com\/tienda\/producto\/terracottem-universal-saco-20-kg\/#webpage\",\"url\":\"https:\/\/foreroagro.com\/tienda\/producto\/terracottem-universal-saco-20-kg\/\",\"name\":\"TERRACOTTEM UNIVERSAL Saco 20 Kg - Foreroagro\",\"isPartOf\":{\"@id\":\"https:\/\/foreroagro.com\/tienda\/#website\"},\"primaryImageOfPage\":{\"@id\":\"https:\/\/foreroagro.com\/tienda\/producto\/terracottem-universal-saco-20-kg\/#primaryimage\"},\"datePublished\":\"2020-12-11T14:43:19+00:00\",\"dateModified\":\"2022-09-14T10:58:07+00:00\",\"description\":\"TERRACOTTEM UNIVERSAL Saco 20 Kg Acondicionador f\\u00edsico de suelo formulado para incrementar la capacidad de retenci\\u00f3n de agua y nutrientes\",\"breadcrumb\":{\"@id\":\"https:\/\/foreroagro.com\/tienda\/producto\/terracottem-universal-saco-20-kg\/#breadcrumb\"},\"inLanguage\":\"es\",\"potentialAction\":[{\"@type\":\"ReadAction\",\"target\":[\"https:\/\/foreroagro.com\/tienda\/producto\/terracottem-universal-saco-20-kg\/\"]}]},{\"@type\":\"BreadcrumbList\",\"@id\":\"https:\/\/foreroagro.com\/tienda\/producto\/terracottem-universal-saco-20-kg\/#breadcrumb\",\"itemListElement\":[{\"@type\":\"ListItem\",\"position\":1,\"name\":\"Portada\",\"item\":\"https:\/\/foreroagro.com\/tienda\/\"},{\"@type\":\"ListItem\",\"position\":2,\"name\":\"Tienda\",\"item\":\"https:\/\/foreroagro.com\/tienda\/\"},{\"@type\":\"ListItem\",\"position\":3,\"name\":\"TERRACOTTEM UNIVERSAL Saco 20 Kg\"}]}]}<\/script>\n<!-- \/ Yoast SEO plugin. -->","yoast_head_json":{"title":"TERRACOTTEM UNIVERSAL Saco 20 Kg - Foreroagro","description":"TERRACOTTEM UNIVERSAL Saco 20 Kg Acondicionador f\u00edsico de suelo formulado para incrementar la capacidad de retenci\u00f3n de agua y nutrientes","robots":{"index":"index","follow":"follow","max-snippet":"max-snippet:-1","max-image-preview":"max-image-preview:large","max-video-preview":"max-video-preview:-1"},"canonical":"https:\/\/foreroagro.com\/tienda\/producto\/terracottem-universal-saco-20-kg\/","og_locale":"es_ES","og_type":"article","og_title":"TERRACOTTEM UNIVERSAL Saco 20 Kg - Foreroagro","og_description":"TERRACOTTEM UNIVERSAL Saco 20 Kg Acondicionador f\u00edsico de suelo formulado para incrementar la capacidad de retenci\u00f3n de agua y nutrientes","og_url":"https:\/\/foreroagro.com\/tienda\/producto\/terracottem-universal-saco-20-kg\/","og_site_name":"Foreroagro","article_modified_time":"2022-09-14T10:58:07+00:00","og_image":[{"width":569,"height":569,"url":"https:\/\/foreroagro.com\/tienda\/wp-content\/uploads\/2020\/12\/terracoten-universal-20-kg.jpg","type":"image\/jpeg"}],"twitter_card":"summary_large_image","twitter_misc":{"Tiempo de lectura":"1 minuto"},"schema":{"@context":"https:\/\/schema.org","@graph":[{"@type":"Organization","@id":"https:\/\/foreroagro.com\/tienda\/#organization","name":"Foreroagro S.L.","url":"https:\/\/foreroagro.com\/tienda\/","sameAs":[],"logo":{"@type":"ImageObject","@id":"https:\/\/foreroagro.com\/tienda\/#logo","inLanguage":"es","url":"https:\/\/foreroagro.com\/tienda\/wp-content\/uploads\/2018\/05\/Logo-foreroagro-e1527273021153.png","contentUrl":"https:\/\/foreroagro.com\/tienda\/wp-content\/uploads\/2018\/05\/Logo-foreroagro-e1527273021153.png","width":80,"height":80,"caption":"Foreroagro S.L."},"image":{"@id":"https:\/\/foreroagro.com\/tienda\/#logo"}},{"@type":"WebSite","@id":"https:\/\/foreroagro.com\/tienda\/#website","url":"https:\/\/foreroagro.com\/tienda\/","name":"Foreroagro","description":"Soluciones agr\u00edcolas online","publisher":{"@id":"https:\/\/foreroagro.com\/tienda\/#organization"},"potentialAction":[{"@type":"SearchAction","target":{"@type":"EntryPoint","urlTemplate":"https:\/\/foreroagro.com\/tienda\/?s={search_term_string}"},"query-input":"required name=search_term_string"}],"inLanguage":"es"},{"@type":"ImageObject","@id":"https:\/\/foreroagro.com\/tienda\/producto\/terracottem-universal-saco-20-kg\/#primaryimage","inLanguage":"es","url":"https:\/\/foreroagro.com\/tienda\/wp-content\/uploads\/2020\/12\/terracoten-universal-20-kg.jpg","contentUrl":"https:\/\/foreroagro.com\/tienda\/wp-content\/uploads\/2020\/12\/terracoten-universal-20-kg.jpg","width":569,"height":569},{"@type":"WebPage","@id":"https:\/\/foreroagro.com\/tienda\/producto\/terracottem-universal-saco-20-kg\/#webpage","url":"https:\/\/foreroagro.com\/tienda\/producto\/terracottem-universal-saco-20-kg\/","name":"TERRACOTTEM UNIVERSAL Saco 20 Kg - Foreroagro","isPartOf":{"@id":"https:\/\/foreroagro.com\/tienda\/#website"},"primaryImageOfPage":{"@id":"https:\/\/foreroagro.com\/tienda\/producto\/terracottem-universal-saco-20-kg\/#primaryimage"},"datePublished":"2020-12-11T14:43:19+00:00","dateModified":"2022-09-14T10:58:07+00:00","description":"TERRACOTTEM UNIVERSAL Saco 20 Kg Acondicionador f\u00edsico de suelo formulado para incrementar la capacidad de retenci\u00f3n de agua y nutrientes","breadcrumb":{"@id":"https:\/\/foreroagro.com\/tienda\/producto\/terracottem-universal-saco-20-kg\/#breadcrumb"},"inLanguage":"es","potentialAction":[{"@type":"ReadAction","target":["https:\/\/foreroagro.com\/tienda\/producto\/terracottem-universal-saco-20-kg\/"]}]},{"@type":"BreadcrumbList","@id":"https:\/\/foreroagro.com\/tienda\/producto\/terracottem-universal-saco-20-kg\/#breadcrumb","itemListElement":[{"@type":"ListItem","position":1,"name":"Portada","item":"https:\/\/foreroagro.com\/tienda\/"},{"@type":"ListItem","position":2,"name":"Tienda","item":"https:\/\/foreroagro.com\/tienda\/"},{"@type":"ListItem","position":3,"name":"TERRACOTTEM UNIVERSAL Saco 20 Kg"}]}]}},"_links":{"self":[{"href":"https:\/\/foreroagro.com\/tienda\/wp-json\/wp\/v2\/product\/9719"}],"collection":[{"href":"https:\/\/foreroagro.com\/tienda\/wp-json\/wp\/v2\/product"}],"about":[{"href":"https:\/\/foreroagro.com\/tienda\/wp-json\/wp\/v2\/types\/product"}],"wp:featuredmedia":[{"embeddable":true,"href":"https:\/\/foreroagro.com\/tienda\/wp-json\/wp\/v2\/media\/9721"}],"wp:attachment":[{"href":"https:\/\/foreroagro.com\/tienda\/wp-json\/wp\/v2\/media?parent=9719"}],"wp:term":[{"taxonomy":"product_cat","embeddable":true,"href":"https:\/\/foreroagro.com\/tienda\/wp-json\/wp\/v2\/product_cat?post=9719"},{"taxonomy":"product_tag","embeddable":true,"href":"https:\/\/foreroagro.com\/tienda\/wp-json\/wp\/v2\/product_tag?post=9719"}],"curies":[{"name":"wp","href":"https:\/\/api.w.org\/{rel}","templated":true}]}}